{"id":5730,"date":"2019-03-22T10:33:34","date_gmt":"2019-03-22T09:33:34","guid":{"rendered":"https:\/\/melillamonumental.es\/?page_id=5730"},"modified":"2019-06-04T12:19:58","modified_gmt":"2019-06-04T11:19:58","slug":"cementerios","status":"publish","type":"page","link":"https:\/\/melillamonumental.es\/ja\/conjuntos-y-propuestas-de-recorridos\/otras-propuestas-de-recorridos-singulares-de-melilla\/sus-elementos\/cementerios\/","title":{"rendered":"Cementerios"},"content":{"rendered":"<p>[vc_row][vc_column width=\u00bb3\/4&#8243;][vc_column_text]<strong>Cementerio del Fuerte de San Carlos<\/strong><\/p>\n<p>Se encuentra localizado en el Cuarto Recinto Fortificado de Melilla, en la zona conocida como la Alcazaba. Este cementerio fue el primer cementerio civil y municipal de la ciudad, enter\u00e1ndose en \u00e9l personas de cualquier rito o nacionalidad.<\/p>\n<p>Casi la totalidad de las tumbas y panteones de este cementerio fueron exhumadas y trasladadas al nuevo de la Pur\u00edsima Concepci\u00f3n, menos 74 inhumaciones de hebreos, que a\u00fan se conservan. La primera inhumaci\u00f3n de esta confesi\u00f3n se produce el 21 de noviembre de 1883 y la \u00faltimo el 6 de Diciembre de 1893.<\/p>\n<p>Elementos Muebles<\/p>\n<p>La \u00fanica sepultura totalmente legible tiene cubierta de m\u00e1rmol con forma de coraz\u00f3n con la inscripci\u00f3n: Sol Benmejara. Fallecida el 1\u00ba de Agosto 1891, a la edad de 54 meses. Recuerdo de tus padres.<\/p>\n<p><a href=\"https:\/\/melillamonumental.es\/wp-content\/uploads\/2019\/05\/REF-4708.jpg\"><img fetchpriority=\"high\" decoding=\"async\" class=\"alignnone size-full wp-image-6000\" src=\"https:\/\/melillamonumental.es\/wp-content\/uploads\/2019\/05\/REF-4708.jpg\" alt=\"\" width=\"2117\" height=\"1400\" srcset=\"https:\/\/melillamonumental.es\/wp-content\/uploads\/2019\/05\/REF-4708.jpg 2117w, https:\/\/melillamonumental.es\/wp-content\/uploads\/2019\/05\/REF-4708-300x198.jpg 300w, https:\/\/melillamonumental.es\/wp-content\/uploads\/2019\/05\/REF-4708-1030x681.jpg 1030w\" sizes=\"(max-width: 2117px) 100vw, 2117px\" \/><\/a><\/p>\n<p><strong>Cementerio de la Pur\u00edsima Concepci\u00f3n de Melilla<\/strong><\/p>\n<p>Se inaugur\u00e1ndose el 1 de enero de 1892, aunque recoge restos m\u00e1s antiguos procedentes del cementerio de San Carlos, de los enterramientos del cementerio de la Tahona y los de la Iglesia de la ciudad vieja. Se empez\u00f3 a construir en diciembre de 1890, por Real orden del 27 de noviembre de 1889 bajo proyecto del comandante de ingenieros Eligio Suza y contrata de Manuel Fern\u00e1ndez.<\/p>\n<p>Elementos Muebles<\/p>\n<p>Sus mausoleos, tumbas y nichos se encuentran repartidas en 36 patios, a\u00f1adidos en las diversas ampliaciones realizadas a lo largos de los a\u00f1os.[\/vc_column_text][\/vc_column][vc_column width=\u00bb1\/4&#8243;][vc_wp_custommenu nav_menu=\u00bb45&#8243;][\/vc_column][\/vc_row]<\/p>\n","protected":false},"excerpt":{"rendered":"<p>[vc_row][vc_column width=\u00bb3\/4&#8243;][vc_column_text]Cementerio del Fuerte de San Carlos Se encuentra localizado en el Cuarto Recinto Fortificado de Melilla, en la zona [&hellip;]<\/p>\n","protected":false},"author":27,"featured_media":0,"parent":5676,"menu_order":0,"comment_status":"closed","ping_status":"closed","template":"","meta":{"_acf_changed":false,"_uag_custom_page_level_css":"","site-sidebar-layout":"default","site-content-layout":"","ast-site-content-layout":"default","site-content-style":"default","site-sidebar-style":"default","ast-global-header-display":"","ast-banner-title-visibility":"","ast-main-header-display":"","ast-hfb-above-header-display":"","ast-hfb-below-header-display":"","ast-hfb-mobile-header-display":"","site-post-title":"","ast-breadcrumbs-content":"","ast-featured-img":"","footer-sml-layout":"","ast-disable-related-posts":"","theme-transparent-header-meta":"","adv-header-id-meta":"","stick-header-meta":"","header-above-stick-meta":"","header-main-stick-meta":"","header-below-stick-meta":"","astra-migrate-meta-layouts":"default","ast-page-background-enabled":"default","ast-page-background-meta":{"desktop":{"background-color":"var(--ast-global-color-5)","background-image":"","background-repeat":"repeat","background-position":"center center","background-size":"auto","background-attachment":"scroll","background-type":"","background-media":"","overlay-type":"","overlay-color":"","overlay-opacity":"","overlay-gradient":""},"tablet":{"background-color":"","background-image":"","background-repeat":"repeat","background-position":"center center","background-size":"auto","background-attachment":"scroll","background-type":"","background-media":"","overlay-type":"","overlay-color":"","overlay-opacity":"","overlay-gradient":""},"mobile":{"background-color":"","background-image":"","background-repeat":"repeat","background-position":"center center","background-size":"auto","background-attachment":"scroll","background-type":"","background-media":"","overlay-type":"","overlay-color":"","overlay-opacity":"","overlay-gradient":""}},"ast-content-background-meta":{"desktop":{"background-color":"var(--ast-global-color-4)","background-image":"","background-repeat":"repeat","background-position":"center center","background-size":"auto","background-attachment":"scroll","background-type":"","background-media":"","overlay-type":"","overlay-color":"","overlay-opacity":"","overlay-gradient":""},"tablet":{"background-color":"var(--ast-global-color-4)","background-image":"","background-repeat":"repeat","background-position":"center center","background-size":"auto","background-attachment":"scroll","background-type":"","background-media":"","overlay-type":"","overlay-color":"","overlay-opacity":"","overlay-gradient":""},"mobile":{"background-color":"var(--ast-global-color-4)","background-image":"","background-repeat":"repeat","background-position":"center center","background-size":"auto","background-attachment":"scroll","background-type":"","background-media":"","overlay-type":"","overlay-color":"","overlay-opacity":"","overlay-gradient":""}},"footnotes":""},"class_list":["post-5730","page","type-page","status-publish","hentry"],"acf":[],"uagb_featured_image_src":{"full":false,"thumbnail":false,"medium":false,"medium_large":false,"large":false,"1536x1536":false,"2048x2048":false,"trp-custom-language-flag":false},"uagb_author_info":{"display_name":"Melilla Monumental","author_link":"https:\/\/melillamonumental.es\/ja\/author\/melilla\/"},"uagb_comment_info":0,"uagb_excerpt":"[vc_row][vc_column width=\u00bb3\/4&#8243;][vc_column_text]Cementerio del Fuerte de San Carlos Se encuentra localizado en el Cuarto Recinto Fortificado de Melilla, en la zona [&hellip;]","_links":{"self":[{"href":"https:\/\/melillamonumental.es\/ja\/wp-json\/wp\/v2\/pages\/5730","targetHints":{"allow":["GET"]}}],"collection":[{"href":"https:\/\/melillamonumental.es\/ja\/wp-json\/wp\/v2\/pages"}],"about":[{"href":"https:\/\/melillamonumental.es\/ja\/wp-json\/wp\/v2\/types\/page"}],"author":[{"embeddable":true,"href":"https:\/\/melillamonumental.es\/ja\/wp-json\/wp\/v2\/users\/27"}],"replies":[{"embeddable":true,"href":"https:\/\/melillamonumental.es\/ja\/wp-json\/wp\/v2\/comments?post=5730"}],"version-history":[{"count":4,"href":"https:\/\/melillamonumental.es\/ja\/wp-json\/wp\/v2\/pages\/5730\/revisions"}],"predecessor-version":[{"id":6411,"href":"https:\/\/melillamonumental.es\/ja\/wp-json\/wp\/v2\/pages\/5730\/revisions\/6411"}],"up":[{"embeddable":true,"href":"https:\/\/melillamonumental.es\/ja\/wp-json\/wp\/v2\/pages\/5676"}],"wp:attachment":[{"href":"https:\/\/melillamonumental.es\/ja\/wp-json\/wp\/v2\/media?parent=5730"}],"curies":[{"name":"wp","href":"https:\/\/api.w.org\/{rel}","templated":true}]}}

<p>[vc_row][vc_column width=»3/4&#8243;][vc_column_text]<strong>Cementerio del Fuerte de San Carlos</strong></p>
<p>Se encuentra localizado en el Cuarto Recinto Fortificado de Melilla, en la zona conocida como la Alcazaba. Este cementerio fue el primer cementerio civil y municipal de la ciudad, enterándose en él personas de cualquier rito o nacionalidad.</p>
<p>Casi la totalidad de las tumbas y panteones de este cementerio fueron exhumadas y trasladadas al nuevo de la Purísima Concepción, menos 74 inhumaciones de hebreos, que aún se conservan. La primera inhumación de esta confesión se produce el 21 de noviembre de 1883 y la último el 6 de Diciembre de 1893.</p>
<p>Elementos Muebles</p>
<p>La única sepultura totalmente legible tiene cubierta de mármol con forma de corazón con la inscripción: Sol Benmejara. Fallecida el 1º de Agosto 1891, a la edad de 54 meses. Recuerdo de tus padres.</p>
<p><a href="https://melillamonumental.es/wp-content/uploads/2019/05/REF-4708.jpg"><img fetchpriority="high" decoding="async" class="alignnone size-full wp-image-6000" src="https://melillamonumental.es/wp-content/uploads/2019/05/REF-4708.jpg" alt="" width="2117" height="1400" srcset="https://melillamonumental.es/wp-content/uploads/2019/05/REF-4708.jpg 2117w, https://melillamonumental.es/wp-content/uploads/2019/05/REF-4708-300x198.jpg 300w, https://melillamonumental.es/wp-content/uploads/2019/05/REF-4708-1030x681.jpg 1030w" sizes="(max-width: 2117px) 100vw, 2117px" /></a></p>
<p><strong>Cementerio de la Purísima Concepción de Melilla</strong></p>
<p>Se inaugurándose el 1 de enero de 1892, aunque recoge restos más antiguos procedentes del cementerio de San Carlos, de los enterramientos del cementerio de la Tahona y los de la Iglesia de la ciudad vieja. Se empezó a construir en diciembre de 1890, por Real orden del 27 de noviembre de 1889 bajo proyecto del comandante de ingenieros Eligio Suza y contrata de Manuel Fernández.</p>
<p>Elementos Muebles</p>
<p>Sus mausoleos, tumbas y nichos se encuentran repartidas en 36 patios, añadidos en las diversas ampliaciones realizadas a lo largos de los años.[/vc_column_text][/vc_column][vc_column width=»1/4&#8243;][vc_wp_custommenu nav_menu=»45&#8243;][/vc_column][/vc_row]</p>
