{"id":5732,"date":"2019-03-22T10:35:38","date_gmt":"2019-03-22T09:35:38","guid":{"rendered":"https:\/\/melillamonumental.es\/?page_id=5732"},"modified":"2019-06-04T12:20:07","modified_gmt":"2019-06-04T11:20:07","slug":"arquitectura-religiosa","status":"publish","type":"page","link":"https:\/\/melillamonumental.es\/ja\/conjuntos-y-propuestas-de-recorridos\/otras-propuestas-de-recorridos-singulares-de-melilla\/sus-elementos\/arquitectura-religiosa\/","title":{"rendered":"Arquitectura Religiosa"},"content":{"rendered":"<p>[vc_row][vc_column width=\u00bb3\/4&#8243;][us_image image=\u00bb6005&#8243; size=\u00bbfull\u00bb][us_separator size=\u00bbsmall\u00bb][vc_column_text]<strong>Arquitectura Religiosa Cristiana<\/strong><\/p>\n<p><em>Espacios Singulares<\/em><\/p>\n<p><strong>Iglesia de la Pur\u00edsima Concepci\u00f3n<\/strong><\/p>\n<p>La Iglesia de Nuestra Se\u00f1ora de la Concepci\u00f3n es la m\u00e1s antigua de Melilla; su construcci\u00f3n data de 1657. De estilo rom\u00e1nico alberga en su interior la talla del Cristo de la Vera Cruz que llevaron los primeros espa\u00f1oles a la ciudad.<\/p>\n<p><strong>Iglesia del Hospital Militar<\/strong><\/p>\n<p>La Capilla de Cristo Rey del Hospital Militar Pag\u00e9s, declarada bien de inter\u00e9s cultural con categor\u00eda de monumento en enero de 2004, fue dise\u00f1ada por el ingeniero militar Luis Sicre entre 1939 y 1941. Se extiende sobre una planta de 480 metros cuadrados al estilo basilical latino, por lo que su aspecto interno recuerda a las bas\u00edlicas cristianas de Roma, hecho poco habitual en esta zona mediterr\u00e1nea.<\/p>\n<p>La iglesia est\u00e1 compuesta por tres naves separadas por columnas de piedra estucadas al temple que al conservarse en perfecto estado ayudan a reafirmar el indudable encanto de esta construcci\u00f3n.<\/p>\n<p>Erigida gracias a las donaciones populares, como ocurr\u00eda con muchas iglesias de la \u00e9poca, la Capilla de Cristo Rey posee un valor intr\u00ednseco indudable que ha sabido apreciar la Direcci\u00f3n General de Bellas Artes al convertirla en bien de inter\u00e9s cultural, bas\u00e1ndose en las estimaciones de la Comisi\u00f3n Nacional de Patrimonio.<\/p>\n<ul>\n<li>Iglesia del Sagrado Coraz\u00f3n, sede de la Vicar\u00eda Episcopal de Melilla<\/li>\n<li>Iglesia Castrense<\/li>\n<li>Iglesia de San Francisco Javier (antigua Cruz Roja)<\/li>\n<li>Iglesia de San Agust\u00edn (Barrio del Real)<\/li>\n<li>Iglesia de Santa Mar\u00eda Micaela (Barrio de la Victoria)<\/li>\n<li>Iglesia del Tesorillo<\/li>\n<li>Iglesia de la Medalla Milagrosa (Barrio de Bater\u00eda Jota)<\/li>\n<\/ul>\n<p><strong>Arquitectura Religiosa Musulmana<\/strong><\/p>\n<p><em>Espacios Singulares<\/em><\/p>\n<p><strong>Mezquita Central<\/strong><\/p>\n<p><a href=\"https:\/\/melillamonumental.es\/wp-content\/uploads\/2019\/05\/41-Templos-Mezquita.jpg\"><img fetchpriority=\"high\" decoding=\"async\" class=\"size-full wp-image-6002\" src=\"https:\/\/melillamonumental.es\/wp-content\/uploads\/2019\/05\/41-Templos-Mezquita.jpg\" alt=\"\" width=\"1920\" height=\"1914\" srcset=\"https:\/\/melillamonumental.es\/wp-content\/uploads\/2019\/05\/41-Templos-Mezquita.jpg 1920w, https:\/\/melillamonumental.es\/wp-content\/uploads\/2019\/05\/41-Templos-Mezquita-80x80.jpg 80w, https:\/\/melillamonumental.es\/wp-content\/uploads\/2019\/05\/41-Templos-Mezquita-300x300.jpg 300w, https:\/\/melillamonumental.es\/wp-content\/uploads\/2019\/05\/41-Templos-Mezquita-1030x1027.jpg 1030w, https:\/\/melillamonumental.es\/wp-content\/uploads\/2019\/05\/41-Templos-Mezquita-350x350.jpg 350w\" sizes=\"(max-width: 1920px) 100vw, 1920px\" \/><\/a><\/p>\n<p>(C\/ Garc\u00eda Cabrelles): El principal edificio de culto musulm\u00e1n en Melilla es la Mezquita Central, proyectada en 1945 por el arquitecto Enrique Nieto.<\/p>\n<p>Claro ejemplo de la arquitectura neo\u00e1rabe, esta mezquita posee un colorido minarete con c\u00fapula de estilo andalus\u00ed.<\/p>\n<ul>\n<li>Mezquita Assalam o mezquita de la paz (Barrio de la Ca\u00f1ada)<\/li>\n<li>Mezquita del Barrio de la Ca\u00f1ada<\/li>\n<li>Mezquita Aceituna (Barrio de Reina Regente)<\/li>\n<li>Mezquita de la Bola (Barrio de Cabrerizas)<\/li>\n<li>Mezquita de la Palmera (Bater\u00eda Jota)<\/li>\n<li>Mezquita Abubakar Sadik (Carretera de Hidum)<\/li>\n<li>Mezquita Bacha (Barrio del Zoquillo)<\/li>\n<li>Mezquita Azegag (En la carretera de los tanques entre carretera de Hidum y la Ca\u00f1ada)<\/li>\n<li>Mezquita del Barrio del Real<\/li>\n<li>Zauia Alauia del Cerro de la Palma<\/li>\n<li>Mezquita del Monte de Mar\u00eda Cristina<\/li>\n<li>Mezquita del Mantelete<\/li>\n<li>Mezquita Arahma (Cementerio Musulm\u00e1n)<\/li>\n<\/ul>\n<p><strong>Arquitectura Religiosa Jud\u00edos<\/strong><\/p>\n<p><em>Espacios Singulares<\/em><\/p>\n<p>Sinagoga Or Zoruah o de Yam\u00edn Benarroch<\/p>\n<p>(C\/ L\u00f3pez Moreno): Tanto en la fachada de este edificio como en su interior se nota la mano del genial arquitecto Enrique Nieto, que inaugur\u00f3 esta sinagoga en 1924.<\/p>\n<ul>\n<li>Sinagoga de Isaac Benarroch (c\/ General Marina)<\/li>\n<li>Sinagoga Foinquinos (c\/ O\u00b4Donnell)<\/li>\n<li>Sinagoga Benguigui (c\/ Gran Capit\u00e1n)<\/li>\n<li>Sinagoga Chocr\u00f3n (Barrio del Pol\u00edgono)<\/li>\n<li>Sinagoga Almosnino (c\/ Luis de Sotomayor)<\/li>\n<\/ul>\n<p><strong>Arquitectura Religiosa Hind\u00fa<\/strong><\/p>\n<p><em>Espacios Singulares<\/em><\/p>\n<p>Oratorio Hind\u00fa<\/p>\n<p>(C\/ Castelar): \u00c9ste es el \u00fanico edificio de culto de la comunidad hind\u00fa de Melilla. Este templo tambi\u00e9n hace las veces de sal\u00f3n de reuni\u00f3n para la comunidad.<\/p>\n<p>El templo posee un hermoso altar en el que se veneran im\u00e1genes y fotograf\u00edas de los distintos santones y gur\u00fas a los que siguen los hind\u00faes de la ciudad.<\/p>\n<p>Tambi\u00e9n hay im\u00e1genes de sus dioses e incluso, debido a la actitud sincretista de esta religi\u00f3n, podemos encontrar im\u00e1genes de Jesucristo.[\/vc_column_text][\/vc_column][vc_column width=\u00bb1\/4&#8243;][vc_wp_custommenu nav_menu=\u00bb45&#8243;][\/vc_column][\/vc_row]<\/p>\n","protected":false},"excerpt":{"rendered":"<p>[vc_row][vc_column width=\u00bb3\/4&#8243;][us_image image=\u00bb6005&#8243; size=\u00bbfull\u00bb][us_separator size=\u00bbsmall\u00bb][vc_column_text]Arquitectura Religiosa Cristiana Espacios Singulares Iglesia de la Pur\u00edsima Concepci\u00f3n La Iglesia de Nuestra Se\u00f1ora de [&hellip;]<\/p>\n","protected":false},"author":27,"featured_media":0,"parent":5676,"menu_order":0,"comment_status":"closed","ping_status":"closed","template":"","meta":{"_acf_changed":false,"_uag_custom_page_level_css":"","site-sidebar-layout":"default","site-content-layout":"","ast-site-content-layout":"default","site-content-style":"default","site-sidebar-style":"default","ast-global-header-display":"","ast-banner-title-visibility":"","ast-main-header-display":"","ast-hfb-above-header-display":"","ast-hfb-below-header-display":"","ast-hfb-mobile-header-display":"","site-post-title":"","ast-breadcrumbs-content":"","ast-featured-img":"","footer-sml-layout":"","ast-disable-related-posts":"","theme-transparent-header-meta":"","adv-header-id-meta":"","stick-header-meta":"","header-above-stick-meta":"","header-main-stick-meta":"","header-below-stick-meta":"","astra-migrate-meta-layouts":"default","ast-page-background-enabled":"default","ast-page-background-meta":{"desktop":{"background-color":"var(--ast-global-color-5)","background-image":"","background-repeat":"repeat","background-position":"center center","background-size":"auto","background-attachment":"scroll","background-type":"","background-media":"","overlay-type":"","overlay-color":"","overlay-opacity":"","overlay-gradient":""},"tablet":{"background-color":"","background-image":"","background-repeat":"repeat","background-position":"center center","background-size":"auto","background-attachment":"scroll","background-type":"","background-media":"","overlay-type":"","overlay-color":"","overlay-opacity":"","overlay-gradient":""},"mobile":{"background-color":"","background-image":"","background-repeat":"repeat","background-position":"center center","background-size":"auto","background-attachment":"scroll","background-type":"","background-media":"","overlay-type":"","overlay-color":"","overlay-opacity":"","overlay-gradient":""}},"ast-content-background-meta":{"desktop":{"background-color":"var(--ast-global-color-4)","background-image":"","background-repeat":"repeat","background-position":"center center","background-size":"auto","background-attachment":"scroll","background-type":"","background-media":"","overlay-type":"","overlay-color":"","overlay-opacity":"","overlay-gradient":""},"tablet":{"background-color":"var(--ast-global-color-4)","background-image":"","background-repeat":"repeat","background-position":"center center","background-size":"auto","background-attachment":"scroll","background-type":"","background-media":"","overlay-type":"","overlay-color":"","overlay-opacity":"","overlay-gradient":""},"mobile":{"background-color":"var(--ast-global-color-4)","background-image":"","background-repeat":"repeat","background-position":"center center","background-size":"auto","background-attachment":"scroll","background-type":"","background-media":"","overlay-type":"","overlay-color":"","overlay-opacity":"","overlay-gradient":""}},"footnotes":""},"class_list":["post-5732","page","type-page","status-publish","hentry"],"acf":[],"uagb_featured_image_src":{"full":false,"thumbnail":false,"medium":false,"medium_large":false,"large":false,"1536x1536":false,"2048x2048":false,"trp-custom-language-flag":false},"uagb_author_info":{"display_name":"Melilla Monumental","author_link":"https:\/\/melillamonumental.es\/ja\/author\/melilla\/"},"uagb_comment_info":0,"uagb_excerpt":"[vc_row][vc_column width=\u00bb3\/4&#8243;][us_image image=\u00bb6005&#8243; size=\u00bbfull\u00bb][us_separator size=\u00bbsmall\u00bb][vc_column_text]Arquitectura Religiosa Cristiana Espacios Singulares Iglesia de la Pur\u00edsima Concepci\u00f3n La Iglesia de Nuestra Se\u00f1ora de [&hellip;]","_links":{"self":[{"href":"https:\/\/melillamonumental.es\/ja\/wp-json\/wp\/v2\/pages\/5732","targetHints":{"allow":["GET"]}}],"collection":[{"href":"https:\/\/melillamonumental.es\/ja\/wp-json\/wp\/v2\/pages"}],"about":[{"href":"https:\/\/melillamonumental.es\/ja\/wp-json\/wp\/v2\/types\/page"}],"author":[{"embeddable":true,"href":"https:\/\/melillamonumental.es\/ja\/wp-json\/wp\/v2\/users\/27"}],"replies":[{"embeddable":true,"href":"https:\/\/melillamonumental.es\/ja\/wp-json\/wp\/v2\/comments?post=5732"}],"version-history":[{"count":6,"href":"https:\/\/melillamonumental.es\/ja\/wp-json\/wp\/v2\/pages\/5732\/revisions"}],"predecessor-version":[{"id":6412,"href":"https:\/\/melillamonumental.es\/ja\/wp-json\/wp\/v2\/pages\/5732\/revisions\/6412"}],"up":[{"embeddable":true,"href":"https:\/\/melillamonumental.es\/ja\/wp-json\/wp\/v2\/pages\/5676"}],"wp:attachment":[{"href":"https:\/\/melillamonumental.es\/ja\/wp-json\/wp\/v2\/media?parent=5732"}],"curies":[{"name":"wp","href":"https:\/\/api.w.org\/{rel}","templated":true}]}}

<p>[vc_row][vc_column width=»3/4&#8243;][us_image image=»6005&#8243; size=»full»][us_separator size=»small»][vc_column_text]<strong>Arquitectura Religiosa Cristiana</strong></p>
<p><em>Espacios Singulares</em></p>
<p><strong>Iglesia de la Purísima Concepción</strong></p>
<p>La Iglesia de Nuestra Señora de la Concepción es la más antigua de Melilla; su construcción data de 1657. De estilo románico alberga en su interior la talla del Cristo de la Vera Cruz que llevaron los primeros españoles a la ciudad.</p>
<p><strong>Iglesia del Hospital Militar</strong></p>
<p>La Capilla de Cristo Rey del Hospital Militar Pagés, declarada bien de interés cultural con categoría de monumento en enero de 2004, fue diseñada por el ingeniero militar Luis Sicre entre 1939 y 1941. Se extiende sobre una planta de 480 metros cuadrados al estilo basilical latino, por lo que su aspecto interno recuerda a las basílicas cristianas de Roma, hecho poco habitual en esta zona mediterránea.</p>
<p>La iglesia está compuesta por tres naves separadas por columnas de piedra estucadas al temple que al conservarse en perfecto estado ayudan a reafirmar el indudable encanto de esta construcción.</p>
<p>Erigida gracias a las donaciones populares, como ocurría con muchas iglesias de la época, la Capilla de Cristo Rey posee un valor intrínseco indudable que ha sabido apreciar la Dirección General de Bellas Artes al convertirla en bien de interés cultural, basándose en las estimaciones de la Comisión Nacional de Patrimonio.</p>
<ul>
<li>Iglesia del Sagrado Corazón, sede de la Vicaría Episcopal de Melilla</li>
<li>Iglesia Castrense</li>
<li>Iglesia de San Francisco Javier (antigua Cruz Roja)</li>
<li>Iglesia de San Agustín (Barrio del Real)</li>
<li>Iglesia de Santa María Micaela (Barrio de la Victoria)</li>
<li>Iglesia del Tesorillo</li>
<li>Iglesia de la Medalla Milagrosa (Barrio de Batería Jota)</li>
</ul>
<p><strong>Arquitectura Religiosa Musulmana</strong></p>
<p><em>Espacios Singulares</em></p>
<p><strong>Mezquita Central</strong></p>
<p><a href="https://melillamonumental.es/wp-content/uploads/2019/05/41-Templos-Mezquita.jpg"><img fetchpriority="high" decoding="async" class="size-full wp-image-6002" src="https://melillamonumental.es/wp-content/uploads/2019/05/41-Templos-Mezquita.jpg" alt="" width="1920" height="1914" srcset="https://melillamonumental.es/wp-content/uploads/2019/05/41-Templos-Mezquita.jpg 1920w, https://melillamonumental.es/wp-content/uploads/2019/05/41-Templos-Mezquita-80x80.jpg 80w, https://melillamonumental.es/wp-content/uploads/2019/05/41-Templos-Mezquita-300x300.jpg 300w, https://melillamonumental.es/wp-content/uploads/2019/05/41-Templos-Mezquita-1030x1027.jpg 1030w, https://melillamonumental.es/wp-content/uploads/2019/05/41-Templos-Mezquita-350x350.jpg 350w" sizes="(max-width: 1920px) 100vw, 1920px" /></a></p>
<p>(C/ García Cabrelles): El principal edificio de culto musulmán en Melilla es la Mezquita Central, proyectada en 1945 por el arquitecto Enrique Nieto.</p>
<p>Claro ejemplo de la arquitectura neoárabe, esta mezquita posee un colorido minarete con cúpula de estilo andalusí.</p>
<ul>
<li>Mezquita Assalam o mezquita de la paz (Barrio de la Cañada)</li>
<li>Mezquita del Barrio de la Cañada</li>
<li>Mezquita Aceituna (Barrio de Reina Regente)</li>
<li>Mezquita de la Bola (Barrio de Cabrerizas)</li>
<li>Mezquita de la Palmera (Batería Jota)</li>
<li>Mezquita Abubakar Sadik (Carretera de Hidum)</li>
<li>Mezquita Bacha (Barrio del Zoquillo)</li>
<li>Mezquita Azegag (En la carretera de los tanques entre carretera de Hidum y la Cañada)</li>
<li>Mezquita del Barrio del Real</li>
<li>Zauia Alauia del Cerro de la Palma</li>
<li>Mezquita del Monte de María Cristina</li>
<li>Mezquita del Mantelete</li>
<li>Mezquita Arahma (Cementerio Musulmán)</li>
</ul>
<p><strong>Arquitectura Religiosa Judíos</strong></p>
<p><em>Espacios Singulares</em></p>
<p>Sinagoga Or Zoruah o de Yamín Benarroch</p>
<p>(C/ López Moreno): Tanto en la fachada de este edificio como en su interior se nota la mano del genial arquitecto Enrique Nieto, que inauguró esta sinagoga en 1924.</p>
<ul>
<li>Sinagoga de Isaac Benarroch (c/ General Marina)</li>
<li>Sinagoga Foinquinos (c/ O´Donnell)</li>
<li>Sinagoga Benguigui (c/ Gran Capitán)</li>
<li>Sinagoga Chocrón (Barrio del Polígono)</li>
<li>Sinagoga Almosnino (c/ Luis de Sotomayor)</li>
</ul>
<p><strong>Arquitectura Religiosa Hindú</strong></p>
<p><em>Espacios Singulares</em></p>
<p>Oratorio Hindú</p>
<p>(C/ Castelar): Éste es el único edificio de culto de la comunidad hindú de Melilla. Este templo también hace las veces de salón de reunión para la comunidad.</p>
<p>El templo posee un hermoso altar en el que se veneran imágenes y fotografías de los distintos santones y gurús a los que siguen los hindúes de la ciudad.</p>
<p>También hay imágenes de sus dioses e incluso, debido a la actitud sincretista de esta religión, podemos encontrar imágenes de Jesucristo.[/vc_column_text][/vc_column][vc_column width=»1/4&#8243;][vc_wp_custommenu nav_menu=»45&#8243;][/vc_column][/vc_row]</p>

<p>[vc_row][vc_column width=»3/4&#8243;][us_image image=»6005&#8243; size=»full»][us_separator size=»small»][vc_column_text]Arquitectura Religiosa Cristiana Espacios Singulares Iglesia de la Purísima Concepción La Iglesia de Nuestra Señora de [&hellip;]</p>

[vc_row][vc_column width=»3/4&#8243;][us_image image=»6005&#8243; size=»full»][us_separator size=»small»][vc_column_text]Arquitectura Religiosa Cristiana Espacios Singulares Iglesia de la Purísima Concepción La Iglesia de Nuestra Señora de [&hellip;]
