{"id":5676,"date":"2019-03-22T08:32:02","date_gmt":"2019-03-22T07:32:02","guid":{"rendered":"https:\/\/melillamonumental.es\/?page_id=5676"},"modified":"2019-06-08T12:32:35","modified_gmt":"2019-06-08T11:32:35","slug":"sus-elementos","status":"publish","type":"page","link":"https:\/\/melillamonumental.es\/zh\/conjuntos-y-propuestas-de-recorridos\/otras-propuestas-de-recorridos-singulares-de-melilla\/sus-elementos\/","title":{"rendered":"Sus elementos"},"content":{"rendered":"<p>[vc_row][vc_column width=\u00bb3\/4&#8243;][vc_column_text]<strong>Cementerios<\/strong><\/p>\n<p>Las necr\u00f3polis melillenses son conocidas desde la antig\u00fcedad siendo la m\u00e1s antigua la p\u00fanico romana del Cerro de San Lorenzo, seguidas de las coet\u00e1neas de Sidi Guariah y las creadas en los recintos fortificados, continuando con las inhumaciones hasta la promulgaciones del siglo XIX que decretan la crea los cementerios civiles y junto a ellos se encontraran los cementerio hebreos.[\/vc_column_text][us_separator size=\u00bbsmall\u00bb][us_btn label=\u00bbEspacios Singulares\u00bb link=\u00bburl:https%3A%2F%2Fmelillamonumental.es%2Fconjuntos-y-propuestas-de-recorridos%2Fotras-propuestas-de-recorridos-singulares-de-melilla%2Fsus-elementos%2Fcementerios%2F|title:Cementerios||\u00bb width_type=\u00bbfull\u00bb][us_separator size=\u00bblarge\u00bb][vc_column_text]<strong>Arquitectura Religiosa<\/strong><\/p>\n<p>Aunque existen edificaciones anteriores, la mayor\u00eda de la arquitectura religiosa melillense queda vinculada a los nuevos estilos historicistas como son los neomedievalismos que desarrollan los edificios del siglo XX, neog\u00f3tico, neorrom\u00e1nico, o neo\u00e1rabe. [\/vc_column_text][us_separator size=\u00bbsmall\u00bb][us_btn label=\u00bbEspacios Singulares\u00bb link=\u00bburl:https%3A%2F%2Fmelillamonumental.es%2Fconjuntos-y-propuestas-de-recorridos%2Fotras-propuestas-de-recorridos-singulares-de-melilla%2Fsus-elementos%2Farquitectura-religiosa%2F|title:Arquitectura%20Religiosa||\u00bb width_type=\u00bbfull\u00bb][\/vc_column][vc_column width=\u00bb1\/4&#8243;][vc_wp_custommenu nav_menu=\u00bb45&#8243;][\/vc_column][\/vc_row]<\/p>\n","protected":false},"excerpt":{"rendered":"<p>[vc_row][vc_column width=\u00bb3\/4&#8243;][vc_column_text]Cementerios Las necr\u00f3polis melillenses son conocidas desde la antig\u00fcedad siendo la m\u00e1s antigua la p\u00fanico romana del Cerro de [&hellip;]<\/p>\n","protected":false},"author":27,"featured_media":0,"parent":5294,"menu_order":0,"comment_status":"closed","ping_status":"closed","template":"","meta":{"_acf_changed":false,"_uag_custom_page_level_css":"","site-sidebar-layout":"default","site-content-layout":"","ast-site-content-layout":"default","site-content-style":"default","site-sidebar-style":"default","ast-global-header-display":"","ast-banner-title-visibility":"","ast-main-header-display":"","ast-hfb-above-header-display":"","ast-hfb-below-header-display":"","ast-hfb-mobile-header-display":"","site-post-title":"","ast-breadcrumbs-content":"","ast-featured-img":"","footer-sml-layout":"","ast-disable-related-posts":"","theme-transparent-header-meta":"","adv-header-id-meta":"","stick-header-meta":"","header-above-stick-meta":"","header-main-stick-meta":"","header-below-stick-meta":"","astra-migrate-meta-layouts":"default","ast-page-background-enabled":"default","ast-page-background-meta":{"desktop":{"background-color":"var(--ast-global-color-5)","background-image":"","background-repeat":"repeat","background-position":"center center","background-size":"auto","background-attachment":"scroll","background-type":"","background-media":"","overlay-type":"","overlay-color":"","overlay-opacity":"","overlay-gradient":""},"tablet":{"background-color":"","background-image":"","background-repeat":"repeat","background-position":"center center","background-size":"auto","background-attachment":"scroll","background-type":"","background-media":"","overlay-type":"","overlay-color":"","overlay-opacity":"","overlay-gradient":""},"mobile":{"background-color":"","background-image":"","background-repeat":"repeat","background-position":"center center","background-size":"auto","background-attachment":"scroll","background-type":"","background-media":"","overlay-type":"","overlay-color":"","overlay-opacity":"","overlay-gradient":""}},"ast-content-background-meta":{"desktop":{"background-color":"var(--ast-global-color-4)","background-image":"","background-repeat":"repeat","background-position":"center center","background-size":"auto","background-attachment":"scroll","background-type":"","background-media":"","overlay-type":"","overlay-color":"","overlay-opacity":"","overlay-gradient":""},"tablet":{"background-color":"var(--ast-global-color-4)","background-image":"","background-repeat":"repeat","background-position":"center center","background-size":"auto","background-attachment":"scroll","background-type":"","background-media":"","overlay-type":"","overlay-color":"","overlay-opacity":"","overlay-gradient":""},"mobile":{"background-color":"var(--ast-global-color-4)","background-image":"","background-repeat":"repeat","background-position":"center center","background-size":"auto","background-attachment":"scroll","background-type":"","background-media":"","overlay-type":"","overlay-color":"","overlay-opacity":"","overlay-gradient":""}},"footnotes":""},"class_list":["post-5676","page","type-page","status-publish","hentry"],"acf":[],"uagb_featured_image_src":{"full":false,"thumbnail":false,"medium":false,"medium_large":false,"large":false,"1536x1536":false,"2048x2048":false,"trp-custom-language-flag":false},"uagb_author_info":{"display_name":"Melilla Monumental","author_link":"https:\/\/melillamonumental.es\/zh\/author\/melilla\/"},"uagb_comment_info":0,"uagb_excerpt":"[vc_row][vc_column width=\u00bb3\/4&#8243;][vc_column_text]Cementerios Las necr\u00f3polis melillenses son conocidas desde la antig\u00fcedad siendo la m\u00e1s antigua la p\u00fanico romana del Cerro de [&hellip;]","_links":{"self":[{"href":"https:\/\/melillamonumental.es\/zh\/wp-json\/wp\/v2\/pages\/5676","targetHints":{"allow":["GET"]}}],"collection":[{"href":"https:\/\/melillamonumental.es\/zh\/wp-json\/wp\/v2\/pages"}],"about":[{"href":"https:\/\/melillamonumental.es\/zh\/wp-json\/wp\/v2\/types\/page"}],"author":[{"embeddable":true,"href":"https:\/\/melillamonumental.es\/zh\/wp-json\/wp\/v2\/users\/27"}],"replies":[{"embeddable":true,"href":"https:\/\/melillamonumental.es\/zh\/wp-json\/wp\/v2\/comments?post=5676"}],"version-history":[{"count":6,"href":"https:\/\/melillamonumental.es\/zh\/wp-json\/wp\/v2\/pages\/5676\/revisions"}],"predecessor-version":[{"id":6543,"href":"https:\/\/melillamonumental.es\/zh\/wp-json\/wp\/v2\/pages\/5676\/revisions\/6543"}],"up":[{"embeddable":true,"href":"https:\/\/melillamonumental.es\/zh\/wp-json\/wp\/v2\/pages\/5294"}],"wp:attachment":[{"href":"https:\/\/melillamonumental.es\/zh\/wp-json\/wp\/v2\/media?parent=5676"}],"curies":[{"name":"wp","href":"https:\/\/api.w.org\/{rel}","templated":true}]}}

<p>[vc_row][vc_column width=»3/4&#8243;][vc_column_text]<strong>Cementerios</strong></p>
<p>Las necrópolis melillenses son conocidas desde la antigüedad siendo la más antigua la púnico romana del Cerro de San Lorenzo, seguidas de las coetáneas de Sidi Guariah y las creadas en los recintos fortificados, continuando con las inhumaciones hasta la promulgaciones del siglo XIX que decretan la crea los cementerios civiles y junto a ellos se encontraran los cementerio hebreos.[/vc_column_text][us_separator size=»small»][us_btn label=»Espacios Singulares» link=»url:https%3A%2F%2Fmelillamonumental.es%2Fconjuntos-y-propuestas-de-recorridos%2Fotras-propuestas-de-recorridos-singulares-de-melilla%2Fsus-elementos%2Fcementerios%2F|title:Cementerios||» width_type=»full»][us_separator size=»large»][vc_column_text]<strong>Arquitectura Religiosa</strong></p>
<p>Aunque existen edificaciones anteriores, la mayoría de la arquitectura religiosa melillense queda vinculada a los nuevos estilos historicistas como son los neomedievalismos que desarrollan los edificios del siglo XX, neogótico, neorrománico, o neoárabe. [/vc_column_text][us_separator size=»small»][us_btn label=»Espacios Singulares» link=»url:https%3A%2F%2Fmelillamonumental.es%2Fconjuntos-y-propuestas-de-recorridos%2Fotras-propuestas-de-recorridos-singulares-de-melilla%2Fsus-elementos%2Farquitectura-religiosa%2F|title:Arquitectura%20Religiosa||» width_type=»full»][/vc_column][vc_column width=»1/4&#8243;][vc_wp_custommenu nav_menu=»45&#8243;][/vc_column][/vc_row]</p>

<p>[vc_row][vc_column width=»3/4&#8243;][vc_column_text]Cementerios Las necrópolis melillenses son conocidas desde la antigüedad siendo la más antigua la púnico romana del Cerro de [&hellip;]</p>

[vc_row][vc_column width=»3/4&#8243;][vc_column_text]Cementerios Las necrópolis melillenses son conocidas desde la antigüedad siendo la más antigua la púnico romana del Cerro de [&hellip;]
